s divided by 17251?
64
Calculate the remainder when 19289645 is divided by 423.
422
What is the remainder when 172068066 is divided by 35?
16
Calculate the remainder when 35683539 is divided by 1216.
19
What is the remainder when 131623 is divided by 879?
652
What is the remainder when 69867 is divided by 13891?
412
Calculate the remainder when 103904398 is divided by 10309.
10296
What is the remainder when 6317288 is divided by 1662?
26
What is the remainder when 11930307 is divided by 2982552?
99
Calculate the remainder when 146499 is divided by 32.
3
Calculate the remainder when 45105 is divided by 166.
119
What is the remainder when 124702827 is divided by 917?
914
Calculate the remainder when 87552 is divided by 932.
876
Calculate the remainder when 1327634 is divided by 119.
70
What is the remainder when 38860115 is divided by 1975?
15
What is the remainder when 1342743 is divided by 1280?
23
Calculate the remainder when 1447095 is divided by 2033.
1632
Calculate the remainder when 143446 is divided by 137216.
6230
Calculate the remainder when 1509270 is divided by 71869.
21
Calculate the remainder when 1724139 is divided by 16.
11
What is the remainder when 7476327 is divided by 84?
75
What is the remainder when 61652052 is divided by 118?
2
What is the remainder when 746850 is divided by 513?
435
Calculate the remainder when 34751699 is divided by 282.
275
Calculate the remainder when 4972057 is divided by 38.
23
Calculate the remainder when 279608545 is divided by 441.
433
Calculate the remainder when 6275995 is divided by 2239.
78
What is the remainder when 73296131 is divided by 17?
2
Calculate the remainder when 11273394 is divided by 805239.
48
What is the remainder when 34978802 is divided by 17489398?
6
Calculate the remainder when 131756810 is divided by 4325.
10
What is the remainder when 4435794 is divided by 291?
81
Calculate the remainder when 2716936 is divided by 548.
500
Calculate the remainder when 228143 is divided by 371.
349
Calculate the remainder when 7218992 is divided by 426.
422
Calculate the remainder when 454110 is divided by 453773.
337
Calculate the remainder when 543158 is divided by 251.
245
Calculate the remainder when 304992 is divided by 6354.
0
Calculate the remainder when 51670486 is divided by 166.
164
What is the remainder when 474663 is divided by 474644?
19
What is the remainder when 57816417 is divided by 62?
53
Calculate the remainder when 1151980 is divided by 287995.
0
What is the remainder when 19246 is divided by 1203?
1201
What is the remainder when 4021174 is divided by 178?
154
What is the remainder when 2458804 is divided by 27?
22
Calculate the remainder when 3167255 is divided by 1652.
371
What is the remainder when 99161 is divided by 4719?
62
Calculate the remainder when 12384095 is divided by 351.
113
Calculate the remainder when 930980 is divided by 84.
8
Calculate the remainder when 35180 is divided by 740.
400
What is the remainder when 456475 is divided by 456458?
17
What is the remainder when 18862185 is divided by 992746?
11
What is the remainder when 1924534 is divided by 365?
254
What is the remainder when 986802 is divided by 878?
808
Calculate the remainder when 121578 is divided by 11520.
6378
What is the remainder when 54854 is divided by 17142?
3428
What is the remainder when 3242238 is divided by 540371?
12
Calculate the remainder when 121839 is divided by 60752.
335
Calculate the remainder when 895969 is divided by 11789.
5
Calculate the remainder when 1437543 is divided by 1437542.
1
What is the remainder when 1763179 is divided by 1197?
1195
Calculate the remainder when 39259289 is divided by 12927.
12917
Calculate the remainder when 8232501 is divided by 499.
498
What is the remainder when 204361 is divided by 5?
1
Calculate the remainder when 83697112 is divided by 83.
78
What is the remainder when 1515644 is divided by 523?
513
What is the remainder when 3303339 is divided by 10?
9
What is the remainder when 1450720 is divided by 52?
24
What is the remainder when 284371 is divided by 35050?
3971
Calculate the remainder when 140931 is divided by 494.
141
What is the remainder when 689344 is divided by 6210?
34
What is the remainder when 25901635 is divided by 61?
59
What is the remainder when 56750926 is divided by 56750903?
23
What is the remainder when 10006547 is divided by 1638?
5
What is the remainder when 34968580 is divided by 101?
57
What is the remainder when 1199769 is divided by 251?
240
What is the remainder when 135883 is divided by 174?
163
What is the remainder when 4062963 is divided by 182?
177
Calculate the remainder when 796545 is divided by 138.
9
Calculate the remainder when 197101 is divided by 196777.
324
What is the remainder when 16998 is divided by 1480?
718
What is the remainder when 76847 is divided by 18560?
2607
Calculate the remainder when 6983348 is divided by 50.
48
Calculate the remainder when 383038 is divided by 5543.
571
What is the remainder when 3183389 is divided by 602?
13
Calculate the remainder when 85764 is divided by 674.
166
What is the remainder when 2948112 is divided by 2366?
76
What is the remainder when 89478700 is divided by 6?
4
What is the remainder when 497450 is divided by 248718?
14
Calculate the remainder when 174427890 is divided by 32.
18
Calculate the remainder when 1801445 is divided by 755.
15
Calculate the remainder when 35488518 is divided by 133.
128
Calculate the remainder when 379626 is divided by 56.
2
What is the remainder when 3667999 is divided by 273?
244
Calculate the remainder when 201635 is divided by 2347.
2140
What is the remainder when 4789138 is divided by 4789132?
6
What is the remainder when 27445686 is divided by 2781?
2778
Calculate the remainder when 171500282 is divided by 68.
66
What is the remainder when 116239234 is divided by 203?
13
Calculate the remainder when 96676 is divided by 3348.
2932
Calculate the remainder when 562214 is divided by 464.
310
Calculate the remainder when 177540 is divided by 601.
245
What is the remainder when 169913 is divided by 84681?
551
Calculate the remainder when 374654 is divided by 5615.
4064
Calculate the remainder when 88598153 is divided by 1118.
7
Calculate the remainder when 10275 is divided by 29.
9
Calculate the remainder when 66605 is divided by 9469.
322
What is the remainder when 243665 is divided by 27040?
305
What is the remainder when 167145 is divided by 207?
96
What is the remainder when 1301659 is divided by 2206?
119
Calculate the remainder when 316367 is divided by 9031.
282
What is the remainder when 1693291 is divided by 3565?
3481
Calculate the remainder when 49857 is divided by 24272.
1313
Calculate the remainder when 18372372 is divided by 236.
8
What is the remainder when 352576 is divided by 697?
591
Calculate the remainder when 402746 is divided by 20065.
1446
What is the remainder when 478418 is divided by 5200?
18
Calculate the remainder when 34106391 is divided by 864.
855
Calculate the remainder when 221472 is divided by 315.
27
Calculate the remainder when 36782549 is divided by 206.
13
What is the remainder when 129032 is divided by 82?
46
What is the remainder when 20262 is divided by 2150?
912
Calculate the remainder when 3454611 is divided by 16.
3
Calculate the remainder when 13588968 is divided by 301977.
3
What is the remainder when 106204215 is divided by 10166?
13
What is the remainder when 77512 is divided by 3092?
212
What is the remainder when 21899494 is divided by 184?
182
What is the remainder when 202617 is divided by 984?
897
What is the remainder when 1757835 is divided by 103?
37
Calculate the remainder when 253522 is divided by 15843.
34
Calculate the remainder when 753469 is divided by 24.
13
What is the remainder when 1398550 is divided by 41?
40
Calculate the remainder when 443721 is divided by 984.
921
What is the remainder when 29704350 is divided by 4483?
4475
What is the remainder when 212801470 is divided by 1248?
1246
Calculate the remainder when 14320588 is divided by 1029.
1024
Calculate the remainder when 118257 is divided by 85.
22
Calculate the remainder when 1164889 is divided by 1.
0
What is the remainder when 33707562 is divided by 11380?
2
Calculate the remainder when 1